 1762?
36
Calculate the remainder when 129715 is divided by 1158.
19
Calculate the remainder when 402888 is divided by 766.
738
What is the remainder when 1460461 is divided by 74?
71
Calculate the remainder when 61120 is divided by 148.
144
Calculate the remainder when 163667 is divided by 1299.
1292
Calculate the remainder when 16690 is divided by 283.
276
What is the remainder when 13953 is divided by 1394?
13
What is the remainder when 1565024 is divided by 172?
168
Calculate the remainder when 193032 is divided by 137.
136
What is the remainder when 4128 is divided by 1778?
572
Calculate the remainder when 1530405 is divided by 363.
360
What is the remainder when 4461 is divided by 1001?
457
Calculate the remainder when 13154 is divided by 328.
34
What is the remainder when 39383 is divided by 619?
386
Calculate the remainder when 1225 is divided by 515.
195
What is the remainder when 390077 is divided by 34?
29
Calculate the remainder when 927 is divided by 303.
18
What is the remainder when 534 is divided by 65?
14
Calculate the remainder when 2420 is divided by 344.
12
Calculate the remainder when 6545 is divided by 126.
119
Calculate the remainder when 184403 is divided by 296.
291
Calculate the remainder when 283188 is divided by 1.
0
Calculate the remainder when 2825 is divided by 397.
46
What is the remainder when 8851 is divided by 52?
11
Calculate the remainder when 68800 is divided by 2991.
7
What is the remainder when 5049 is divided by 1682?
3
What is the remainder when 200 is divided by 172?
28
What is the remainder when 1208 is divided by 135?
128
What is the remainder when 115916 is divided by 161?
157
Calculate the remainder when 870 is divided by 741.
129
What is the remainder when 17598 is divided by 728?
126
What is the remainder when 95126 is divided by 506?
504
Calculate the remainder when 33301 is divided by 16631.
39
What is the remainder when 477 is divided by 233?
11
Calculate the remainder when 682 is divided by 213.
43
Calculate the remainder when 13502 is divided by 167.
142
Calculate the remainder when 108942 is divided by 36313.
3
What is the remainder when 513763 is divided by 49?
47
Calculate the remainder when 2700649 is divided by 87.
82
Calculate the remainder when 4271 is divided by 6.
5
What is the remainder when 8194 is divided by 4078?
38
What is the remainder when 292351 is divided by 73087?
3
What is the remainder when 1440736 is divided by 234?
232
Calculate the remainder when 778356 is divided by 122.
118
Calculate the remainder when 7327 is divided by 2533.
2261
What is the remainder when 680 is divided by 321?
38
Calculate the remainder when 16408 is divided by 68.
20
What is the remainder when 31068 is divided by 13?
11
What is the remainder when 7988 is divided by 178?
156
Calculate the remainder when 698 is divided by 30.
8
Calculate the remainder when 10749 is divided by 192.
189
Calculate the remainder when 713 is divided by 95.
48
Calculate the remainder when 77463 is divided by 77459.
4
Calculate the remainder when 18729 is divided by 334.
25
Calculate the remainder when 122284 is divided by 89.
87
What is the remainder when 10280 is divided by 5140?
0
Calculate the remainder when 2529449 is divided by 1575.
1574
What is the remainder when 36519 is divided by 18253?
13
Calculate the remainder when 307550 is divided by 307543.
7
Calculate the remainder when 24522 is divided by 8154.
60
Calculate the remainder when 88197 is divided by 98.
95
Calculate the remainder when 426 is divided by 19.
8
Calculate the remainder when 35475 is divided by 544.
115
Calculate the remainder when 55664 is divided by 4270.
154
Calculate the remainder when 131358 is divided by 65675.
8
Calculate the remainder when 206570 is divided by 68843.
41
What is the remainder when 241691 is divided by 511?
499
What is the remainder when 51024 is divided by 115?
79
What is the remainder when 6225 is divided by 1237?
40
Calculate the remainder when 224454 is divided by 194.
190
Calculate the remainder when 36579 is divided by 236.
235
Calculate the remainder when 2609 is divided by 110.
79
What is the remainder when 1041 is divided by 408?
225
Calculate the remainder when 38674 is divided by 176.
130
Calculate the remainder when 8246 is divided by 514.
22
What is the remainder when 181113 is divided by 89?
87
What is the remainder when 239887 is divided by 193?
181
Calculate the remainder when 1377 is divided by 115.
112
What is the remainder when 362007 is divided by 727?
688
Calculate the remainder when 2611 is divided by 213.
55
Calculate the remainder when 513 is divided by 124.
17
Calculate the remainder when 28239 is divided by 14116.
7
Calculate the remainder when 95490 is divided by 89.
82
What is the remainder when 9271 is divided by 545?
6
What is the remainder when 3368 is divided by 195?
53
Calculate the remainder when 65795 is divided by 79.
67
Calculate the remainder when 265648 is divided by 871.
864
Calculate the remainder when 3808 is divided by 534.
70
Calculate the remainder when 25721 is divided by 118.
115
What is the remainder when 32257 is divided by 144?
1
What is the remainder when 647058 is divided by 88?
82
What is the remainder when 4243422 is divided by 22?
18
Calculate the remainder when 137837 is divided by 4307.
13
Calculate the remainder when 904 is divided by 114.
106
What is the remainder when 6895 is divided by 6892?
3
Calculate the remainder when 343130 is divided by 65.
60
Calculate the remainder when 4284 is divided by 628.
516
Calculate the remainder when 368 is divided by 17.
11
What is the remainder when 7782 is divided by 7773?
9
What is the remainder when 4822 is divided by 509?
241
Calculate the remainder when 74908 is divided by 37446.
16
What is the remainder when 32913 is divided by 16392?
129
Calculate the remainder when 5346 is divided by 244.
222
What is the remainder when 9294 is divided by 72?
6
Calculate the remainder when 211683 is divided by 35279.
9
Calculate the remainder when 198493 is divided by 32.
29
What is the remainder when 8066 is divided by 1152?
2
Calculate the remainder when 1048 is divided by 319.
91
What is the remainder when 408 is divided by 53?
37
Calculate the remainder when 3797 is divided by 545.
527
Calculate the remainder when 91075 is divided by 230.
225
Calculate the remainder when 157356 is divided by 1259.
1240
Calculate the remainder when 2759 is divided by 340.
39
What is the remainder when 372635 is divided by 263?
227
What is the remainder when 31633 is divided by 52?
17
Calculate the remainder when 7953 is divided by 770.
253
Calculate the remainder when 69243 is divided by 389.
1
Calculate the remainder when 7262 is divided by 66.
2
Calculate the remainder when 1961 is divided by 1141.
820
What is the remainder when 14604 is divided by 162?
24
Calculate the remainder when 126143 is divided by 144.
143
What is the remainder when 14418 is divided by 4669?
411
Calculate the remainder when 40496 is divided by 596.
564
What is the remainder when 14018 is divided by 1181?
1027
What is the remainder when 2374955 is divided by 10?
5
What is the remainder when 6312 is divided by 546?
306
What is the remainder when 250673 is divided by 23?
19
Calculate the remainder when 16437 is divided by 115.
107
What is the remainder when 660 is divided by 16?
4
Calculate the remainder when 40812 is divided by 13590.
42
What is the remainder when 112987 is divided by 642?
637
Calculate the remainder when 2550493 is divided by 965.
963
Calculate the remainder when 6666 is divided by 55.
11
What is the remainder when 406 is divided by 303?
103
What is the remainder when 420 is divided by 5?
0
What is the remainder when 8767 is divided by 183?
166
Calculate the remainder when 458949 is divided by 156.
153
What is the remainder when 932 is divided by 302?
26
What is the remainder when 11126 is divided by 106?
102
What is the remainder when 28416 is divided by 14206?
4
What is the remainder when 2139 is divided by 223?
132
Calculate the remainder when 1236020 is divided by 33.
5
Calculate the remainder when 3517 is divided by 69.
67
What is the remainder when 979 is divided by 190?
29
What is the remainder when 1996333 is divided by 15?
13
Calculate the re